{"id":4310,"date":"2025-12-04T12:40:02","date_gmt":"2025-12-04T11:40:02","guid":{"rendered":"https:\/\/nks.hr\/?post_type=tribe_events&#038;p=4310"},"modified":"2025-12-04T12:40:18","modified_gmt":"2025-12-04T11:40:18","slug":"10-konferencija-o-standardizaciji-u-podrucju-kiberneticke-sigurnosti-bruxelles","status":"publish","type":"tribe_events","link":"https:\/\/nks.hr\/en\/event\/10-konferencija-o-standardizaciji-u-podrucju-kiberneticke-sigurnosti-bruxelles\/","title":{"rendered":"10. Konferencija o standardizaciji u podru\u010dju kiberneti\u010dke sigurnosti, Bruxelles"},"content":{"rendered":"<p>Europske organizacije za standardizaciju CEN, CENELEC i ETSI udru\u017euju snage s ENISA-om, Agencijom EU-a za kiberneti\u010dku sigurnost, kako bi organizirale 10. izdanje konferencije o standardizaciji u podru\u010dju kiberneti\u010dke sigurnosti.<\/p>\n<p><img decoding=\"async\" class=\"alignnone wp-image-4313\" src=\"https:\/\/nks.hr\/wp-content\/uploads\/2025\/12\/ENISA_2026_348x239_SaveTheDate-300x206.png\" alt=\"\" width=\"473\" height=\"325\" srcset=\"https:\/\/nks.hr\/wp-content\/uploads\/2025\/12\/ENISA_2026_348x239_SaveTheDate-300x206.png 300w, https:\/\/nks.hr\/wp-content\/uploads\/2025\/12\/ENISA_2026_348x239_SaveTheDate-18x12.png 18w, https:\/\/nks.hr\/wp-content\/uploads\/2025\/12\/ENISA_2026_348x239_SaveTheDate.png 480w\" sizes=\"(max-width: 473px) 100vw, 473px\" \/><\/p>","protected":false},"excerpt":{"rendered":"<p>Europske organizacije za standardizaciju CEN, CENELEC i ETSI udru\u017euju snage s ENISA-om, Agencijom EU-a za kiberneti\u010dku sigurnost, kako bi organizirale 10. izdanje konferencije o standardizaciji u podru\u010dju kiberneti\u010dke sigurnosti.<\/p>","protected":false},"author":7,"featured_media":4313,"template":"","meta":{"_et_pb_use_builder":"","_et_pb_old_content":"","_et_gb_content_width":"","_tribe_events_status":"","_tribe_events_status_reason":"","footnotes":""},"tags":[],"tribe_events_cat":[17,16,15],"class_list":["post-4310","tribe_events","type-tribe_events","status-publish","has-post-thumbnail","hentry","tribe_events_cat-it-strucnjaci","tribe_events_cat-javna-tijela","tribe_events_cat-poduzetnici","cat_it-strucnjaci","cat_javna-tijela","cat_poduzetnici"],"_links":{"self":[{"href":"https:\/\/nks.hr\/en\/wp-json\/wp\/v2\/tribe_events\/4310","targetHints":{"allow":["GET"]}}],"collection":[{"href":"https:\/\/nks.hr\/en\/wp-json\/wp\/v2\/tribe_events"}],"about":[{"href":"https:\/\/nks.hr\/en\/wp-json\/wp\/v2\/types\/tribe_events"}],"author":[{"embeddable":true,"href":"https:\/\/nks.hr\/en\/wp-json\/wp\/v2\/users\/7"}],"version-history":[{"count":2,"href":"https:\/\/nks.hr\/en\/wp-json\/wp\/v2\/tribe_events\/4310\/revisions"}],"predecessor-version":[{"id":4324,"href":"https:\/\/nks.hr\/en\/wp-json\/wp\/v2\/tribe_events\/4310\/revisions\/4324"}],"wp:featuredmedia":[{"embeddable":true,"href":"https:\/\/nks.hr\/en\/wp-json\/wp\/v2\/media\/4313"}],"wp:attachment":[{"href":"https:\/\/nks.hr\/en\/wp-json\/wp\/v2\/media?parent=4310"}],"wp:term":[{"taxonomy":"post_tag","embeddable":true,"href":"https:\/\/nks.hr\/en\/wp-json\/wp\/v2\/tags?post=4310"},{"taxonomy":"tribe_events_cat","embeddable":true,"href":"https:\/\/nks.hr\/en\/wp-json\/wp\/v2\/tribe_events_cat?post=4310"}],"curies":[{"name":"wp","href":"https:\/\/api.w.org\/{rel}","templated":true}]}}

10. Konferencija o standardizaciji u području kibernetičke sigurnosti, Bruxelles

<p>Europske organizacije za standardizaciju CEN, CENELEC i ETSI udružuju snage s ENISA-om, Agencijom EU-a za kibernetičku sigurnost, kako bi organizirale 10. izdanje konferencije o standardizaciji u području kibernetičke sigurnosti.</p>
<p><img decoding="async" class="alignnone wp-image-4313" src="https://nks.hr/wp-content/uploads/2025/12/ENISA_2026_348x239_SaveTheDate-300x206.png" alt="" width="473" height="325" srcset="https://nks.hr/wp-content/uploads/2025/12/ENISA_2026_348x239_SaveTheDate-300x206.png 300w, https://nks.hr/wp-content/uploads/2025/12/ENISA_2026_348x239_SaveTheDate-18x12.png 18w, https://nks.hr/wp-content/uploads/2025/12/ENISA_2026_348x239_SaveTheDate.png 480w" sizes="(max-width: 473px) 100vw, 473px" /></p>

<p>Europske organizacije za standardizaciju CEN, CENELEC i ETSI udružuju snage s ENISA-om, Agencijom EU-a za kibernetičku sigurnost, kako bi organizirale 10. izdanje konferencije o standardizaciji u području kibernetičke sigurnosti.</p>
