{"id":4308,"date":"2025-12-04T12:38:17","date_gmt":"2025-12-04T11:38:17","guid":{"rendered":"https:\/\/nks.hr\/?post_type=tribe_events&#038;p=4308"},"modified":"2025-12-04T12:38:17","modified_gmt":"2025-12-04T11:38:17","slug":"europska-konferencija-o-kibernetickim-vjestinama-2026-larnaka-cipar","status":"publish","type":"tribe_events","link":"https:\/\/nks.hr\/en\/event\/europska-konferencija-o-kibernetickim-vjestinama-2026-larnaka-cipar\/","title":{"rendered":"Europska konferencija o kiberneti\u010dkim vje\u0161tinama 2026., Larnaka, Cipar"},"content":{"rendered":"<div class=\"elementToProof\">Konferencija \u0107e istaknuti utjecaj i primjenu ENISA-inog Okvira kiberneti\u010dkih vje\u0161tina (ECSF) te predstaviti aktivnosti Europske komisije i dr\u017eava \u010dlanica proiza\u0161le iz Akademije za kiberneti\u010dke vje\u0161tine.<\/div>\n<div class=\"elementToProof\">\u200e \u200e<\/div>\n<div class=\"elementToProof\"><img decoding=\"async\" class=\"alignnone  wp-image-4312\" src=\"https:\/\/nks.hr\/wp-content\/uploads\/2025\/12\/ENISA_ECSF26_01SAVETD_V01B-300x169.png\" alt=\"\" width=\"467\" height=\"263\" srcset=\"https:\/\/nks.hr\/wp-content\/uploads\/2025\/12\/ENISA_ECSF26_01SAVETD_V01B-300x169.png 300w, https:\/\/nks.hr\/wp-content\/uploads\/2025\/12\/ENISA_ECSF26_01SAVETD_V01B-18x10.png 18w, https:\/\/nks.hr\/wp-content\/uploads\/2025\/12\/ENISA_ECSF26_01SAVETD_V01B.png 480w\" sizes=\"(max-width: 467px) 100vw, 467px\" \/><\/div>","protected":false},"excerpt":{"rendered":"<p>Konferencija \u0107e istaknuti utjecaj i primjenu ENISA-inog Okvira kiberneti\u010dkih vje\u0161tina (ECSF) te predstaviti aktivnosti Europske komisije i dr\u017eava \u010dlanica proiza\u0161le iz Akademije za kiberneti\u010dke vje\u0161tine. \u200e \u200e<\/p>","protected":false},"author":7,"featured_media":4312,"template":"","meta":{"_et_pb_use_builder":"","_et_pb_old_content":"","_et_gb_content_width":"","_tribe_events_status":"","_tribe_events_status_reason":"","footnotes":""},"tags":[],"tribe_events_cat":[17,16,15],"class_list":["post-4308","tribe_events","type-tribe_events","status-publish","has-post-thumbnail","hentry","tribe_events_cat-it-strucnjaci","tribe_events_cat-javna-tijela","tribe_events_cat-poduzetnici","cat_it-strucnjaci","cat_javna-tijela","cat_poduzetnici"],"_links":{"self":[{"href":"https:\/\/nks.hr\/en\/wp-json\/wp\/v2\/tribe_events\/4308","targetHints":{"allow":["GET"]}}],"collection":[{"href":"https:\/\/nks.hr\/en\/wp-json\/wp\/v2\/tribe_events"}],"about":[{"href":"https:\/\/nks.hr\/en\/wp-json\/wp\/v2\/types\/tribe_events"}],"author":[{"embeddable":true,"href":"https:\/\/nks.hr\/en\/wp-json\/wp\/v2\/users\/7"}],"version-history":[{"count":9,"href":"https:\/\/nks.hr\/en\/wp-json\/wp\/v2\/tribe_events\/4308\/revisions"}],"predecessor-version":[{"id":4322,"href":"https:\/\/nks.hr\/en\/wp-json\/wp\/v2\/tribe_events\/4308\/revisions\/4322"}],"wp:featuredmedia":[{"embeddable":true,"href":"https:\/\/nks.hr\/en\/wp-json\/wp\/v2\/media\/4312"}],"wp:attachment":[{"href":"https:\/\/nks.hr\/en\/wp-json\/wp\/v2\/media?parent=4308"}],"wp:term":[{"taxonomy":"post_tag","embeddable":true,"href":"https:\/\/nks.hr\/en\/wp-json\/wp\/v2\/tags?post=4308"},{"taxonomy":"tribe_events_cat","embeddable":true,"href":"https:\/\/nks.hr\/en\/wp-json\/wp\/v2\/tribe_events_cat?post=4308"}],"curies":[{"name":"wp","href":"https:\/\/api.w.org\/{rel}","templated":true}]}}

Europska konferencija o kibernetičkim vještinama 2026., Larnaka, Cipar

<div class="elementToProof">Konferencija će istaknuti utjecaj i primjenu ENISA-inog Okvira kibernetičkih vještina (ECSF) te predstaviti aktivnosti Europske komisije i država članica proizašle iz Akademije za kibernetičke vještine.</div>
<div class="elementToProof">‎ ‎</div>
<div class="elementToProof"><img decoding="async" class="alignnone  wp-image-4312" src="https://nks.hr/wp-content/uploads/2025/12/ENISA_ECSF26_01SAVETD_V01B-300x169.png" alt="" width="467" height="263" srcset="https://nks.hr/wp-content/uploads/2025/12/ENISA_ECSF26_01SAVETD_V01B-300x169.png 300w, https://nks.hr/wp-content/uploads/2025/12/ENISA_ECSF26_01SAVETD_V01B-18x10.png 18w, https://nks.hr/wp-content/uploads/2025/12/ENISA_ECSF26_01SAVETD_V01B.png 480w" sizes="(max-width: 467px) 100vw, 467px" /></div>

<p>Konferencija će istaknuti utjecaj i primjenu ENISA-inog Okvira kibernetičkih vještina (ECSF) te predstaviti aktivnosti Europske komisije i država članica proizašle iz Akademije za kibernetičke vještine. ‎ ‎</p>
