{"id":4224,"date":"2025-10-31T13:27:59","date_gmt":"2025-10-31T12:27:59","guid":{"rendered":"https:\/\/nks.hr\/?post_type=tribe_events&#038;p=4224"},"modified":"2025-10-31T13:28:09","modified_gmt":"2025-10-31T12:28:09","slug":"konferencija-o-kibernetickoj-sigurnosti-u-okviru-danskog-predsjedanja-vijecem-europske-unije-27-studenoga-2025-kopenhagen","status":"publish","type":"tribe_events","link":"https:\/\/nks.hr\/en\/event\/konferencija-o-kibernetickoj-sigurnosti-u-okviru-danskog-predsjedanja-vijecem-europske-unije-27-studenoga-2025-kopenhagen\/","title":{"rendered":"Konferencija o kiberneti\u010dkoj sigurnosti u okviru danskog predsjedanja Vije\u0107em Europske unije, 27. studenoga 2025., Kopenhagen"},"content":{"rendered":"<p>U dvorani H.C. Andersen Hall u Tivoliju u Kopenhagenu 27. studenoga 2025. odr\u017eat \u0107e se jednodnevna Konferencija o kiberneti\u010dkoj sigurnosti, organizirana u okviru danskog predsjedanja Vije\u0107em Europske unije.<\/p>\n<p>Konferencija \u0107e okupiti oko 250 visokih predstavnika institucija EU-a, dr\u017eava \u010dlanica i industrije. Program obuhva\u0107a uvodno obra\u0107anje ministra, panel-rasprave na visokoj razini, prezentacije te mogu\u0107nosti za umre\u017eavanje sudionika.<\/p>\n<p>Klju\u010dne teme konferencije bit \u0107e ja\u010danje otpornosti na kiberneti\u010dke prijetnje, unaprje\u0111enje suradnje izme\u0111u javnog i privatnog sektora, u\u010dinkovita provedba europskih okvira za kiberneti\u010dku sigurnost, razvoj pouzdanih i sigurnih tehnologija te oja\u010davanje digitalnog suvereniteta, otpornosti i demokratskih vrijednosti Europe.<\/p>\n<p>&nbsp;<\/p>\n<p>Vi\u0161e informacija i registracija: <a href=\"https:\/\/samsik.dk\/cybersikkerhed\/cybersecurity-conference\/#read-more\" target=\"_blank\" rel=\"noopener\">https:\/\/samsik.dk\/cybersikkerhed\/cybersecurity-conference\/#read-more<\/a><\/p>","protected":false},"excerpt":{"rendered":"<p>U dvorani H.C. Andersen Hall u Tivoliju u Kopenhagenu 27. studenoga 2025. odr\u017eat \u0107e se jednodnevna Konferencija o kiberneti\u010dkoj sigurnosti, organizirana u okviru danskog predsjedanja Vije\u0107em Europske unije. Konferencija \u0107e [&hellip;]<\/p>","protected":false},"author":7,"featured_media":4219,"template":"","meta":{"_et_pb_use_builder":"","_et_pb_old_content":"","_et_gb_content_width":"","_tribe_events_status":"","_tribe_events_status_reason":"","footnotes":""},"tags":[],"tribe_events_cat":[17,16,15],"class_list":["post-4224","tribe_events","type-tribe_events","status-publish","has-post-thumbnail","hentry","tribe_events_cat-it-strucnjaci","tribe_events_cat-javna-tijela","tribe_events_cat-poduzetnici","cat_it-strucnjaci","cat_javna-tijela","cat_poduzetnici"],"_links":{"self":[{"href":"https:\/\/nks.hr\/en\/wp-json\/wp\/v2\/tribe_events\/4224","targetHints":{"allow":["GET"]}}],"collection":[{"href":"https:\/\/nks.hr\/en\/wp-json\/wp\/v2\/tribe_events"}],"about":[{"href":"https:\/\/nks.hr\/en\/wp-json\/wp\/v2\/types\/tribe_events"}],"author":[{"embeddable":true,"href":"https:\/\/nks.hr\/en\/wp-json\/wp\/v2\/users\/7"}],"version-history":[{"count":2,"href":"https:\/\/nks.hr\/en\/wp-json\/wp\/v2\/tribe_events\/4224\/revisions"}],"predecessor-version":[{"id":4226,"href":"https:\/\/nks.hr\/en\/wp-json\/wp\/v2\/tribe_events\/4224\/revisions\/4226"}],"wp:featuredmedia":[{"embeddable":true,"href":"https:\/\/nks.hr\/en\/wp-json\/wp\/v2\/media\/4219"}],"wp:attachment":[{"href":"https:\/\/nks.hr\/en\/wp-json\/wp\/v2\/media?parent=4224"}],"wp:term":[{"taxonomy":"post_tag","embeddable":true,"href":"https:\/\/nks.hr\/en\/wp-json\/wp\/v2\/tags?post=4224"},{"taxonomy":"tribe_events_cat","embeddable":true,"href":"https:\/\/nks.hr\/en\/wp-json\/wp\/v2\/tribe_events_cat?post=4224"}],"curies":[{"name":"wp","href":"https:\/\/api.w.org\/{rel}","templated":true}]}}

Konferencija o kibernetičkoj sigurnosti u okviru danskog predsjedanja Vijećem Europske unije, 27. studenoga 2025., Kopenhagen

<p>U dvorani H.C. Andersen Hall u Tivoliju u Kopenhagenu 27. studenoga 2025. održat će se jednodnevna Konferencija o kibernetičkoj sigurnosti, organizirana u okviru danskog predsjedanja Vijećem Europske unije.</p>
<p>Konferencija će okupiti oko 250 visokih predstavnika institucija EU-a, država članica i industrije. Program obuhvaća uvodno obraćanje ministra, panel-rasprave na visokoj razini, prezentacije te mogućnosti za umrežavanje sudionika.</p>
<p>Ključne teme konferencije bit će jačanje otpornosti na kibernetičke prijetnje, unaprjeđenje suradnje između javnog i privatnog sektora, učinkovita provedba europskih okvira za kibernetičku sigurnost, razvoj pouzdanih i sigurnih tehnologija te ojačavanje digitalnog suvereniteta, otpornosti i demokratskih vrijednosti Europe.</p>
<p>&nbsp;</p>
<p>Više informacija i registracija: <a href="https://samsik.dk/cybersikkerhed/cybersecurity-conference/#read-more" target="_blank" rel="noopener">https://samsik.dk/cybersikkerhed/cybersecurity-conference/#read-more</a></p>

<p>U dvorani H.C. Andersen Hall u Tivoliju u Kopenhagenu 27. studenoga 2025. održat će se jednodnevna Konferencija o kibernetičkoj sigurnosti, organizirana u okviru danskog predsjedanja Vijećem Europske unije. Konferencija će [&hellip;]</p>
