{"id":4217,"date":"2025-10-31T13:26:38","date_gmt":"2025-10-31T12:26:38","guid":{"rendered":"https:\/\/nks.hr\/?post_type=tribe_events&#038;p=4217"},"modified":"2025-10-31T13:26:51","modified_gmt":"2025-10-31T12:26:51","slug":"europska-konferencija-o-migraciji-na-post-kvantnu-kriptografiju-pqc-migration-2-3-prosinca-2025-den-haag-nizozemska","status":"publish","type":"tribe_events","link":"https:\/\/nks.hr\/en\/event\/europska-konferencija-o-migraciji-na-post-kvantnu-kriptografiju-pqc-migration-2-3-prosinca-2025-den-haag-nizozemska\/","title":{"rendered":"Europska konferencija o migraciji na post-kvantnu kriptografiju (PQC Migration), 2. \u2013 3. prosinca 2025. \u2013 Den Haag, Nizozemska"},"content":{"rendered":"<p>U kongresnom centru New Babylon u Den Haagu 2. i 3. prosinca 2025. odr\u017eat \u0107e se Europska konferencija o migraciji na post-kvantnu kriptografiju (PQC Migration).<\/p>\n<p>Konferenciju organizira nizozemsko-francusko-njema\u010dki konzorcij koji \u010dine ANSSI (Francuska agencija za kiberneti\u010dku sigurnost), BSI (Njema\u010dki savezni ured za informacijsku sigurnost), MinBZK (Ministarstvo unutarnjih poslova i odnosa Kraljevine Nizozemske), CWI (Nacionalni institut za matematiku i ra\u010dunalne znanosti) te TNO (Nizozemska organizacija za primijenjena znanstvena istra\u017eivanja).<\/p>\n<p>Sudjelovanje je besplatno, uz obaveznu prijavu. Broj mjesta je ograni\u010den, a prijava za sudjelovanje na konferencijskoj ve\u010deri mogu\u0107a je do 31. listopada 2025.<\/p>\n<p>Cilj konferencije je potaknuti me\u0111unarodnu suradnju i ubrzati prelazak na post-kvantne kriptografske standarde, klju\u010dne za sigurnost digitalne komunikacije u eri kvantnih ra\u010dunala. Program \u0107e okupiti me\u0111unarodne stru\u010dnjake i donositelje odluka iz podru\u010dja kiberneti\u010dke sigurnosti te pru\u017eiti smjernice organizacijama koje \u017eele unaprijediti sigurnost svojih sustava i uskla\u0111enost s nadolaze\u0107im europskim regulativama.<\/p>\n<p>&nbsp;<\/p>\n<p>Vi\u0161e informacija i registracija: <a href=\"https:\/\/pqc-conference.eu\/\" target=\"_blank\" rel=\"noopener\">https:\/\/pqc-conference.eu\/<\/a><\/p>","protected":false},"excerpt":{"rendered":"<p>U kongresnom centru New Babylon u Den Haagu 2. i 3. prosinca 2025. odr\u017eat \u0107e se Europska konferencija o migraciji na post-kvantnu kriptografiju (PQC Migration). Konferenciju organizira nizozemsko-francusko-njema\u010dki konzorcij koji [&hellip;]<\/p>","protected":false},"author":7,"featured_media":4218,"template":"","meta":{"_et_pb_use_builder":"","_et_pb_old_content":"","_et_gb_content_width":"","_tribe_events_status":"","_tribe_events_status_reason":"","footnotes":""},"tags":[],"tribe_events_cat":[17,16,15],"class_list":["post-4217","tribe_events","type-tribe_events","status-publish","has-post-thumbnail","hentry","tribe_events_cat-it-strucnjaci","tribe_events_cat-javna-tijela","tribe_events_cat-poduzetnici","cat_it-strucnjaci","cat_javna-tijela","cat_poduzetnici"],"_links":{"self":[{"href":"https:\/\/nks.hr\/en\/wp-json\/wp\/v2\/tribe_events\/4217","targetHints":{"allow":["GET"]}}],"collection":[{"href":"https:\/\/nks.hr\/en\/wp-json\/wp\/v2\/tribe_events"}],"about":[{"href":"https:\/\/nks.hr\/en\/wp-json\/wp\/v2\/types\/tribe_events"}],"author":[{"embeddable":true,"href":"https:\/\/nks.hr\/en\/wp-json\/wp\/v2\/users\/7"}],"version-history":[{"count":4,"href":"https:\/\/nks.hr\/en\/wp-json\/wp\/v2\/tribe_events\/4217\/revisions"}],"predecessor-version":[{"id":4223,"href":"https:\/\/nks.hr\/en\/wp-json\/wp\/v2\/tribe_events\/4217\/revisions\/4223"}],"wp:featuredmedia":[{"embeddable":true,"href":"https:\/\/nks.hr\/en\/wp-json\/wp\/v2\/media\/4218"}],"wp:attachment":[{"href":"https:\/\/nks.hr\/en\/wp-json\/wp\/v2\/media?parent=4217"}],"wp:term":[{"taxonomy":"post_tag","embeddable":true,"href":"https:\/\/nks.hr\/en\/wp-json\/wp\/v2\/tags?post=4217"},{"taxonomy":"tribe_events_cat","embeddable":true,"href":"https:\/\/nks.hr\/en\/wp-json\/wp\/v2\/tribe_events_cat?post=4217"}],"curies":[{"name":"wp","href":"https:\/\/api.w.org\/{rel}","templated":true}]}}

<p>U kongresnom centru New Babylon u Den Haagu 2. i 3. prosinca 2025. održat će se Europska konferencija o migraciji na post-kvantnu kriptografiju (PQC Migration).</p>
<p>Konferenciju organizira nizozemsko-francusko-njemački konzorcij koji čine ANSSI (Francuska agencija za kibernetičku sigurnost), BSI (Njemački savezni ured za informacijsku sigurnost), MinBZK (Ministarstvo unutarnjih poslova i odnosa Kraljevine Nizozemske), CWI (Nacionalni institut za matematiku i računalne znanosti) te TNO (Nizozemska organizacija za primijenjena znanstvena istraživanja).</p>
<p>Sudjelovanje je besplatno, uz obaveznu prijavu. Broj mjesta je ograničen, a prijava za sudjelovanje na konferencijskoj večeri moguća je do 31. listopada 2025.</p>
<p>Cilj konferencije je potaknuti međunarodnu suradnju i ubrzati prelazak na post-kvantne kriptografske standarde, ključne za sigurnost digitalne komunikacije u eri kvantnih računala. Program će okupiti međunarodne stručnjake i donositelje odluka iz područja kibernetičke sigurnosti te pružiti smjernice organizacijama koje žele unaprijediti sigurnost svojih sustava i usklađenost s nadolazećim europskim regulativama.</p>
<p>&nbsp;</p>
<p>Više informacija i registracija: <a href="https://pqc-conference.eu/" target="_blank" rel="noopener">https://pqc-conference.eu/</a></p>

<p>U kongresnom centru New Babylon u Den Haagu 2. i 3. prosinca 2025. održat će se Europska konferencija o migraciji na post-kvantnu kriptografiju (PQC Migration). Konferenciju organizira nizozemsko-francusko-njemački konzorcij koji [&hellip;]</p>
