{"id":3531,"date":"2025-07-09T13:51:27","date_gmt":"2025-07-09T11:51:27","guid":{"rendered":"https:\/\/nks.hr\/?post_type=tribe_events&#038;p=3531"},"modified":"2025-07-09T13:51:27","modified_gmt":"2025-07-09T11:51:27","slug":"dep-info-dan-16-srpnja-2025-online","status":"publish","type":"tribe_events","link":"https:\/\/nks.hr\/en\/event\/dep-info-dan-16-srpnja-2025-online\/","title":{"rendered":"DEP Info dan, 16. srpnja 2025., online"},"content":{"rendered":"<p>Na Info danu NKS-a o programu Digitalna Europa (DEP), koji \u0107e se odr\u017eati online u srijedu, 16. srpnja 2025. godine, od 10:30 do 11:30 sati, bit \u0107e predstavljen poziv Strengthening the cybersecurity ecosystem (DIGITAL-ECCC-2025-DEPLOY-CYBER-08), u sklopu Radnog programa za kiberneti\u010dku sigurnost 2025. \u2013 2027.<\/p>\n<p>Poziv obuhva\u0107a tri teme: Pove\u0107anje kiberneti\u010dke otpornosti bolnica i zdravstvenih ustanova (30 milijuna eura), Ja\u010danje mre\u017ee nacionalnih koordinacijskih centara (10 milijuna eura), Prijelaz na post-kvantne infrastrukture javnih klju\u010deva (15 milijuna eura).<\/p>\n<p><strong>Prijava za sudjelovanje:<\/strong> <a href=\"https:\/\/tinyurl.com\/yc3p5py6\">https:\/\/tinyurl.com\/yc3p5py6<\/a><\/p>\n<p><strong>Vi\u0161e informacija o pozivu:<\/strong> <a href=\"https:\/\/nks.hr\/en\/digital-europe\/\">https:\/\/nks.hr\/digital-europe\/<\/a><\/p>","protected":false},"excerpt":{"rendered":"<p>Na Info danu NKS-a o programu Digitalna Europa (DEP), koji \u0107e se odr\u017eati online u srijedu, 16. srpnja 2025. godine, od 10:30 do 11:30 sati, bit \u0107e predstavljen poziv Strengthening [&hellip;]<\/p>","protected":false},"author":7,"featured_media":3527,"template":"","meta":{"_et_pb_use_builder":"","_et_pb_old_content":"","_et_gb_content_width":"","_tribe_events_status":"","_tribe_events_status_reason":"","footnotes":""},"tags":[],"tribe_events_cat":[17,16,15],"class_list":["post-3531","tribe_events","type-tribe_events","status-publish","has-post-thumbnail","hentry","tribe_events_cat-it-strucnjaci","tribe_events_cat-javna-tijela","tribe_events_cat-poduzetnici","cat_it-strucnjaci","cat_javna-tijela","cat_poduzetnici"],"_links":{"self":[{"href":"https:\/\/nks.hr\/en\/wp-json\/wp\/v2\/tribe_events\/3531","targetHints":{"allow":["GET"]}}],"collection":[{"href":"https:\/\/nks.hr\/en\/wp-json\/wp\/v2\/tribe_events"}],"about":[{"href":"https:\/\/nks.hr\/en\/wp-json\/wp\/v2\/types\/tribe_events"}],"author":[{"embeddable":true,"href":"https:\/\/nks.hr\/en\/wp-json\/wp\/v2\/users\/7"}],"version-history":[{"count":2,"href":"https:\/\/nks.hr\/en\/wp-json\/wp\/v2\/tribe_events\/3531\/revisions"}],"predecessor-version":[{"id":3533,"href":"https:\/\/nks.hr\/en\/wp-json\/wp\/v2\/tribe_events\/3531\/revisions\/3533"}],"wp:featuredmedia":[{"embeddable":true,"href":"https:\/\/nks.hr\/en\/wp-json\/wp\/v2\/media\/3527"}],"wp:attachment":[{"href":"https:\/\/nks.hr\/en\/wp-json\/wp\/v2\/media?parent=3531"}],"wp:term":[{"taxonomy":"post_tag","embeddable":true,"href":"https:\/\/nks.hr\/en\/wp-json\/wp\/v2\/tags?post=3531"},{"taxonomy":"tribe_events_cat","embeddable":true,"href":"https:\/\/nks.hr\/en\/wp-json\/wp\/v2\/tribe_events_cat?post=3531"}],"curies":[{"name":"wp","href":"https:\/\/api.w.org\/{rel}","templated":true}]}}

<p>Na Info danu NKS-a o programu Digitalna Europa (DEP), koji će se održati online u srijedu, 16. srpnja 2025. godine, od 10:30 do 11:30 sati, bit će predstavljen poziv Strengthening the cybersecurity ecosystem (DIGITAL-ECCC-2025-DEPLOY-CYBER-08), u sklopu Radnog programa za kibernetičku sigurnost 2025. – 2027.</p>
<p>Poziv obuhvaća tri teme: Povećanje kibernetičke otpornosti bolnica i zdravstvenih ustanova (30 milijuna eura), Jačanje mreže nacionalnih koordinacijskih centara (10 milijuna eura), Prijelaz na post-kvantne infrastrukture javnih ključeva (15 milijuna eura).</p>
<p><strong>Prijava za sudjelovanje:</strong> <a href="https://tinyurl.com/yc3p5py6">https://tinyurl.com/yc3p5py6</a></p>
<p><strong>Više informacija o pozivu:</strong> <a href="https://nks.hr/en/digital-europe/">https://nks.hr/digital-europe/</a></p>

<p>Na Info danu NKS-a o programu Digitalna Europa (DEP), koji će se održati online u srijedu, 16. srpnja 2025. godine, od 10:30 do 11:30 sati, bit će predstavljen poziv Strengthening [&hellip;]</p>
