{"id":3496,"date":"2025-07-02T15:32:27","date_gmt":"2025-07-02T13:32:27","guid":{"rendered":"https:\/\/nks.hr\/?post_type=tribe_events&#038;p=3496"},"modified":"2025-07-02T15:36:15","modified_gmt":"2025-07-02T13:36:15","slug":"prva-konferencija-o-aktu-o-kibernetickoj-otpornosti-cra-making-the-eu-market-resilient-bukurest-rumunjska","status":"publish","type":"tribe_events","link":"https:\/\/nks.hr\/en\/event\/prva-konferencija-o-aktu-o-kibernetickoj-otpornosti-cra-making-the-eu-market-resilient-bukurest-rumunjska\/","title":{"rendered":"Prva konferencija o Aktu o kiberneti\u010dkoj otpornosti (CRA): Making the EU Market Resilient, Bukure\u0161t, Rumunjska"},"content":{"rendered":"<p>Agencija Europske unije za kiberneti\u010dku sigurnost (ENISA) u suradnji s Nacionalnim direktoratom za kiberneti\u010dku sigurnost Rumunjske (DNSC) i Europskim stru\u010dnim centrom u podru\u010dju kiberneti\u010dke sigurnosti (ECCC), organizira prvu konferenciju posve\u0107enu Aktu o kiberneti\u010dkoj otpornosti (CRA)\u00a0&#8211; Making the EU Market Resilient.<\/p>\n<p>Akt o kiberneti\u010dkoj otpornosti stupio je na snagu 10. prosinca 2024., a donosi obvezu proizvo\u0111a\u010dima da primjenjuju sigurnosne zahtjeve za proizvode s digitalnim elementima\u00a0tijekom cijelog njihova \u017eivotnog ciklusa, kao uvjet za pristup tr\u017ei\u0161tu Europske unije.<\/p>\n<p>Konferencija \u0107e prvi put na razini EU-a okupiti relevantne dionike koji se bave otpornosti digitalnih proizvoda na jedinstvenom tr\u017ei\u0161tu, s ciljem bolje za\u0161tite gra\u0111ana i poduze\u0107a, uklju\u010duju\u0107i mala i srednja poduze\u0107a (MSP-ove).<\/p>\n<p>Vi\u0161e informacija: <a href=\"https:\/\/www.enisa.europa.eu\/events\/cra-making-the-eu-market-resilient#contentList\">https:\/\/www.enisa.europa.eu\/events\/cra-making-the-eu-market-resilient#contentList<\/a><\/p>","protected":false},"excerpt":{"rendered":"<p>Agencija Europske unije za kiberneti\u010dku sigurnost (ENISA) u suradnji s Nacionalnim direktoratom za kiberneti\u010dku sigurnost Rumunjske (DNSC) i Europskim stru\u010dnim centrom u podru\u010dju kiberneti\u010dke sigurnosti (ECCC), organizira prvu konferenciju posve\u0107enu [&hellip;]<\/p>","protected":false},"author":7,"featured_media":3497,"template":"","meta":{"_et_pb_use_builder":"","_et_pb_old_content":"","_et_gb_content_width":"","_tribe_events_status":"","_tribe_events_status_reason":"","footnotes":""},"tags":[],"tribe_events_cat":[17,16,15],"class_list":["post-3496","tribe_events","type-tribe_events","status-publish","has-post-thumbnail","hentry","tribe_events_cat-it-strucnjaci","tribe_events_cat-javna-tijela","tribe_events_cat-poduzetnici","cat_it-strucnjaci","cat_javna-tijela","cat_poduzetnici"],"_links":{"self":[{"href":"https:\/\/nks.hr\/en\/wp-json\/wp\/v2\/tribe_events\/3496","targetHints":{"allow":["GET"]}}],"collection":[{"href":"https:\/\/nks.hr\/en\/wp-json\/wp\/v2\/tribe_events"}],"about":[{"href":"https:\/\/nks.hr\/en\/wp-json\/wp\/v2\/types\/tribe_events"}],"author":[{"embeddable":true,"href":"https:\/\/nks.hr\/en\/wp-json\/wp\/v2\/users\/7"}],"version-history":[{"count":4,"href":"https:\/\/nks.hr\/en\/wp-json\/wp\/v2\/tribe_events\/3496\/revisions"}],"predecessor-version":[{"id":3506,"href":"https:\/\/nks.hr\/en\/wp-json\/wp\/v2\/tribe_events\/3496\/revisions\/3506"}],"wp:featuredmedia":[{"embeddable":true,"href":"https:\/\/nks.hr\/en\/wp-json\/wp\/v2\/media\/3497"}],"wp:attachment":[{"href":"https:\/\/nks.hr\/en\/wp-json\/wp\/v2\/media?parent=3496"}],"wp:term":[{"taxonomy":"post_tag","embeddable":true,"href":"https:\/\/nks.hr\/en\/wp-json\/wp\/v2\/tags?post=3496"},{"taxonomy":"tribe_events_cat","embeddable":true,"href":"https:\/\/nks.hr\/en\/wp-json\/wp\/v2\/tribe_events_cat?post=3496"}],"curies":[{"name":"wp","href":"https:\/\/api.w.org\/{rel}","templated":true}]}}

Prva konferencija o Aktu o kibernetičkoj otpornosti (CRA): Making the EU Market Resilient, Bukurešt, Rumunjska

<p>Agencija Europske unije za kibernetičku sigurnost (ENISA) u suradnji s Nacionalnim direktoratom za kibernetičku sigurnost Rumunjske (DNSC) i Europskim stručnim centrom u području kibernetičke sigurnosti (ECCC), organizira prvu konferenciju posvećenu Aktu o kibernetičkoj otpornosti (CRA) &#8211; Making the EU Market Resilient.</p>
<p>Akt o kibernetičkoj otpornosti stupio je na snagu 10. prosinca 2024., a donosi obvezu proizvođačima da primjenjuju sigurnosne zahtjeve za proizvode s digitalnim elementima tijekom cijelog njihova životnog ciklusa, kao uvjet za pristup tržištu Europske unije.</p>
<p>Konferencija će prvi put na razini EU-a okupiti relevantne dionike koji se bave otpornosti digitalnih proizvoda na jedinstvenom tržištu, s ciljem bolje zaštite građana i poduzeća, uključujući mala i srednja poduzeća (MSP-ove).</p>
<p>Više informacija: <a href="https://www.enisa.europa.eu/events/cra-making-the-eu-market-resilient#contentList">https://www.enisa.europa.eu/events/cra-making-the-eu-market-resilient#contentList</a></p>

<p>Agencija Europske unije za kibernetičku sigurnost (ENISA) u suradnji s Nacionalnim direktoratom za kibernetičku sigurnost Rumunjske (DNSC) i Europskim stručnim centrom u području kibernetičke sigurnosti (ECCC), organizira prvu konferenciju posvećenu [&hellip;]</p>
