{"id":3397,"date":"2025-06-09T08:54:05","date_gmt":"2025-06-09T06:54:05","guid":{"rendered":"https:\/\/nks.hr\/?post_type=tribe_events&#038;p=3397"},"modified":"2025-06-09T08:54:57","modified_gmt":"2025-06-09T06:54:57","slug":"radionica-obzor-europa-od-ideje-do-projektnog-prijedloga","status":"publish","type":"tribe_events","link":"https:\/\/nks.hr\/en\/event\/radionica-obzor-europa-od-ideje-do-projektnog-prijedloga\/","title":{"rendered":"Radionica Obzor Europa: Od ideje do projektnog prijedloga"},"content":{"rendered":"<div class=\"elementToProof\">Agencija za mobilnost i programe Europske unije (AMPEU), Ministarstvo znanosti, obrazovanja i mladih i Mediteranski institut za istra\u017eivanje \u017eivota (MedILS) Sveu\u010dili\u0161ta u Splitu organiziraju radionicu programa Obzor Europa: Od ideje do projektnog prijedloga, koja \u0107e se odr\u017eati 17. lipnja 2025. godine u 10:00 sati na MedILS-u u Splitu.<\/div>\n<div><\/div>\n<div><\/div>\n<div class=\"elementToProof\">Radionica je namijenjena potencijalnim prijaviteljima projektnih prijedloga iz sljede\u0107ih tematskih podru\u010dja programa Obzor Europa: Klaster 1 &#8211; Zdravlje, Klaster 2 &#8211; Kultura, kreativnost i uklju\u010divo dru\u0161tvo, Klaster 3 &#8211; Civilna sigurnost za dru\u0161tvo.<\/div>\n<div><\/div>\n<div><\/div>\n<div class=\"elementToProof\">Sudjelovanje je besplatno, uz obaveznu registraciju do 11. lipnja ili do popunjavanja mjesta.<\/div>\n<div><\/div>\n<div><\/div>\n<div class=\"elementToProof\">Detaljan program i prijava dostupni su putem poveznice: <a id=\"LPlnkOWAeb142d16-80d6-56f9-8fb6-835b371e7b43\" class=\"OWAAutoLink elementToProof\" title=\"https:\/\/www.obzoreuropa.hr\/novosti-pregled\/poziv-na-radionicu-programa-obzor-europa-od-ideje-do-projektnog-prijedloga-17-li\" href=\"https:\/\/www.obzoreuropa.hr\/novosti-pregled\/poziv-na-radionicu-programa-obzor-europa-od-ideje-do-projektnog-prijedloga-17-li\" data-outlook-id=\"92715bf3-ae37-4336-b372-c3b8f85de08a\">Poziv na radionicu programa Obzor Europa: Od ideje do projektnog prijedloga, 17. lipnja 2025.<\/a><\/div>","protected":false},"excerpt":{"rendered":"<p>Agencija za mobilnost i programe Europske unije (AMPEU), Ministarstvo znanosti, obrazovanja i mladih i Mediteranski institut za istra\u017eivanje \u017eivota (MedILS) Sveu\u010dili\u0161ta u Splitu organiziraju radionicu programa Obzor Europa: Od ideje [&hellip;]<\/p>","protected":false},"author":7,"featured_media":3400,"template":"","meta":{"_et_pb_use_builder":"","_et_pb_old_content":"","_et_gb_content_width":"","_tribe_events_status":"","_tribe_events_status_reason":"","footnotes":""},"tags":[],"tribe_events_cat":[17,16,15],"class_list":["post-3397","tribe_events","type-tribe_events","status-publish","has-post-thumbnail","hentry","tribe_events_cat-it-strucnjaci","tribe_events_cat-javna-tijela","tribe_events_cat-poduzetnici","cat_it-strucnjaci","cat_javna-tijela","cat_poduzetnici"],"_links":{"self":[{"href":"https:\/\/nks.hr\/en\/wp-json\/wp\/v2\/tribe_events\/3397","targetHints":{"allow":["GET"]}}],"collection":[{"href":"https:\/\/nks.hr\/en\/wp-json\/wp\/v2\/tribe_events"}],"about":[{"href":"https:\/\/nks.hr\/en\/wp-json\/wp\/v2\/types\/tribe_events"}],"author":[{"embeddable":true,"href":"https:\/\/nks.hr\/en\/wp-json\/wp\/v2\/users\/7"}],"version-history":[{"count":3,"href":"https:\/\/nks.hr\/en\/wp-json\/wp\/v2\/tribe_events\/3397\/revisions"}],"predecessor-version":[{"id":3403,"href":"https:\/\/nks.hr\/en\/wp-json\/wp\/v2\/tribe_events\/3397\/revisions\/3403"}],"wp:featuredmedia":[{"embeddable":true,"href":"https:\/\/nks.hr\/en\/wp-json\/wp\/v2\/media\/3400"}],"wp:attachment":[{"href":"https:\/\/nks.hr\/en\/wp-json\/wp\/v2\/media?parent=3397"}],"wp:term":[{"taxonomy":"post_tag","embeddable":true,"href":"https:\/\/nks.hr\/en\/wp-json\/wp\/v2\/tags?post=3397"},{"taxonomy":"tribe_events_cat","embeddable":true,"href":"https:\/\/nks.hr\/en\/wp-json\/wp\/v2\/tribe_events_cat?post=3397"}],"curies":[{"name":"wp","href":"https:\/\/api.w.org\/{rel}","templated":true}]}}

<div class="elementToProof">Agencija za mobilnost i programe Europske unije (AMPEU), Ministarstvo znanosti, obrazovanja i mladih i Mediteranski institut za istraživanje života (MedILS) Sveučilišta u Splitu organiziraju radionicu programa Obzor Europa: Od ideje do projektnog prijedloga, koja će se održati 17. lipnja 2025. godine u 10:00 sati na MedILS-u u Splitu.</div>
<div></div>
<div></div>
<div class="elementToProof">Radionica je namijenjena potencijalnim prijaviteljima projektnih prijedloga iz sljedećih tematskih područja programa Obzor Europa: Klaster 1 &#8211; Zdravlje, Klaster 2 &#8211; Kultura, kreativnost i uključivo društvo, Klaster 3 &#8211; Civilna sigurnost za društvo.</div>
<div></div>
<div></div>
<div class="elementToProof">Sudjelovanje je besplatno, uz obaveznu registraciju do 11. lipnja ili do popunjavanja mjesta.</div>
<div></div>
<div></div>
<div class="elementToProof">Detaljan program i prijava dostupni su putem poveznice: <a id="LPlnkOWAeb142d16-80d6-56f9-8fb6-835b371e7b43" class="OWAAutoLink elementToProof" title="https://www.obzoreuropa.hr/novosti-pregled/poziv-na-radionicu-programa-obzor-europa-od-ideje-do-projektnog-prijedloga-17-li" href="https://www.obzoreuropa.hr/novosti-pregled/poziv-na-radionicu-programa-obzor-europa-od-ideje-do-projektnog-prijedloga-17-li" data-outlook-id="92715bf3-ae37-4336-b372-c3b8f85de08a">Poziv na radionicu programa Obzor Europa: Od ideje do projektnog prijedloga, 17. lipnja 2025.</a></div>

<p>Agencija za mobilnost i programe Europske unije (AMPEU), Ministarstvo znanosti, obrazovanja i mladih i Mediteranski institut za istraživanje života (MedILS) Sveučilišta u Splitu organiziraju radionicu programa Obzor Europa: Od ideje [&hellip;]</p>
