{"id":3393,"date":"2025-06-05T14:55:30","date_gmt":"2025-06-05T12:55:30","guid":{"rendered":"https:\/\/nks.hr\/?post_type=tribe_events&#038;p=3393"},"modified":"2025-06-05T14:55:30","modified_gmt":"2025-06-05T12:55:30","slug":"obzor-europa-informativni-dan-ek-za-klaster-3-civilna-sigurnost-za-drustvo-bruxelles-i-online","status":"publish","type":"tribe_events","link":"https:\/\/nks.hr\/en\/event\/obzor-europa-informativni-dan-ek-za-klaster-3-civilna-sigurnost-za-drustvo-bruxelles-i-online\/","title":{"rendered":"Obzor Europa: Informativni dan EK za Klaster 3 Civilna sigurnost za dru\u0161tvo, Bruxelles i online"},"content":{"rendered":"<div>\n<div class=\"elementToProof\">Tijekom Informativnog dana bit \u0107e predstavljen pregled poziva u okviru Klastera 3 programa Obzor Europa za 2025., s fokusom na otpornost na katastrofe, borbu protiv kriminala i terorizma, upravljanje granicama, kiberneti\u010dku sigurnost i za\u0161titu infrastrukture.<br \/>\nSudionici \u0107e dobiti prakti\u010dne informacije o prijavi te priliku za umre\u017eavanje i izgradnju konzorcija za budu\u0107e projekte.<br \/>\nDoga\u0111aj organizira mre\u017ea nacionalnih kontakt osoba za podru\u010dje sigurnosti \u2013 SEREN5, u suradnji s Glavnim ravnateljstvom Europske komisije za migracije i unutarnje poslove te Izvr\u0161nom agencijom za europska istra\u017eivanja.<\/div>\n<\/div>","protected":false},"excerpt":{"rendered":"<p>Tijekom Informativnog dana bit \u0107e predstavljen pregled poziva u okviru Klastera 3 programa Obzor Europa za 2025., s fokusom na otpornost na katastrofe, borbu protiv kriminala i terorizma, upravljanje granicama, [&hellip;]<\/p>","protected":false},"author":7,"featured_media":3394,"template":"","meta":{"_et_pb_use_builder":"","_et_pb_old_content":"","_et_gb_content_width":"","_tribe_events_status":"","_tribe_events_status_reason":"","footnotes":""},"tags":[],"tribe_events_cat":[17,16,15],"class_list":["post-3393","tribe_events","type-tribe_events","status-publish","has-post-thumbnail","hentry","tribe_events_cat-it-strucnjaci","tribe_events_cat-javna-tijela","tribe_events_cat-poduzetnici","cat_it-strucnjaci","cat_javna-tijela","cat_poduzetnici"],"_links":{"self":[{"href":"https:\/\/nks.hr\/en\/wp-json\/wp\/v2\/tribe_events\/3393","targetHints":{"allow":["GET"]}}],"collection":[{"href":"https:\/\/nks.hr\/en\/wp-json\/wp\/v2\/tribe_events"}],"about":[{"href":"https:\/\/nks.hr\/en\/wp-json\/wp\/v2\/types\/tribe_events"}],"author":[{"embeddable":true,"href":"https:\/\/nks.hr\/en\/wp-json\/wp\/v2\/users\/7"}],"version-history":[{"count":1,"href":"https:\/\/nks.hr\/en\/wp-json\/wp\/v2\/tribe_events\/3393\/revisions"}],"predecessor-version":[{"id":3395,"href":"https:\/\/nks.hr\/en\/wp-json\/wp\/v2\/tribe_events\/3393\/revisions\/3395"}],"wp:featuredmedia":[{"embeddable":true,"href":"https:\/\/nks.hr\/en\/wp-json\/wp\/v2\/media\/3394"}],"wp:attachment":[{"href":"https:\/\/nks.hr\/en\/wp-json\/wp\/v2\/media?parent=3393"}],"wp:term":[{"taxonomy":"post_tag","embeddable":true,"href":"https:\/\/nks.hr\/en\/wp-json\/wp\/v2\/tags?post=3393"},{"taxonomy":"tribe_events_cat","embeddable":true,"href":"https:\/\/nks.hr\/en\/wp-json\/wp\/v2\/tribe_events_cat?post=3393"}],"curies":[{"name":"wp","href":"https:\/\/api.w.org\/{rel}","templated":true}]}}

Obzor Europa: Informativni dan EK za Klaster 3 Civilna sigurnost za društvo, Bruxelles i online

<div>
<div class="elementToProof">Tijekom Informativnog dana bit će predstavljen pregled poziva u okviru Klastera 3 programa Obzor Europa za 2025., s fokusom na otpornost na katastrofe, borbu protiv kriminala i terorizma, upravljanje granicama, kibernetičku sigurnost i zaštitu infrastrukture.<br />
Sudionici će dobiti praktične informacije o prijavi te priliku za umrežavanje i izgradnju konzorcija za buduće projekte.<br />
Događaj organizira mreža nacionalnih kontakt osoba za područje sigurnosti – SEREN5, u suradnji s Glavnim ravnateljstvom Europske komisije za migracije i unutarnje poslove te Izvršnom agencijom za europska istraživanja.</div>
</div>

<p>Tijekom Informativnog dana bit će predstavljen pregled poziva u okviru Klastera 3 programa Obzor Europa za 2025., s fokusom na otpornost na katastrofe, borbu protiv kriminala i terorizma, upravljanje granicama, [&hellip;]</p>
