{"id":3222,"date":"2025-04-18T10:48:09","date_gmt":"2025-04-18T08:48:09","guid":{"rendered":"https:\/\/nks.hr\/?post_type=tribe_events&#038;p=3222"},"modified":"2025-04-18T10:49:33","modified_gmt":"2025-04-18T08:49:33","slug":"dan-informaticke-sigurnosti-2025-turku-finska","status":"publish","type":"tribe_events","link":"https:\/\/nks.hr\/en\/event\/dan-informaticke-sigurnosti-2025-turku-finska\/","title":{"rendered":"Dan informati\u010dke sigurnosti 2025., Turku, Finska"},"content":{"rendered":"<div class=\"elementToProof\">Ovogodi\u0161nji &#8220;Tietoturvap\u00e4iv\u00e4&#8221;\u00a0\/ &#8220;Information Security Day&#8221; odr\u017eat \u0107e se 28. svibnja 2025. od 10:00 do 16:00 sati, na engleskom jeziku, i posve\u0107en je projektu &#8220;EAGLE \u2013 Digital Skills Training&#8221;\u00a0kojeg financira Europska komisija. Glavna tema je &#8220;Ja\u010danje kiberneti\u010dke sigurnosti u MSP-ovima&#8221;: zahtjevi Cyber Resilience Act, a\u017euriranje NIS-2 Direktive (mre\u017ee i sigurnost informacijskih sustava)\u00a0i njezin utjecaj na regulativu, uloga MSP-ova u lancima opskrbe i dru\u0161tvenoj otpornosti, unaprje\u0111ivanje i prekvalifikacija, budu\u0107i ciljevi istra\u017eivanja i razvoja u podru\u010dju kiberneti\u010dke sigurnosti.<\/div>\n<div class=\"elementToProof\">Konferencija se odr\u017eava u Turku, Finska, a sudjelovanje je mogu\u0107e i online putem streaminga.<\/div>\n<div><\/div>\n<div><\/div>\n<div class=\"elementToProof\">Vi\u0161e informacija: <a id=\"OWAaa0344af-0f72-8941-7512-bf17d65dd3b2\" class=\"x_OWAAutoLink x_elementToProof\" title=\"https:\/\/www.turkuamk.fi\/en\/event\/information-security-day\/\" href=\"https:\/\/www.turkuamk.fi\/en\/event\/information-security-day\/\" data-linkindex=\"3\" data-auth=\"NotApplicable\" data-outlook-id=\"f6da3f3a-2d84-48f2-a250-90ca4503efae\">Information Security Day 2025 &#8211; Turku AMK<\/a><\/div>\n<div class=\"elementToProof\">Registracija: <a id=\"LPlnk\" title=\"https:\/\/www.lyyti.fi\/reg\/Tietoturvapaiva2025_5221\/en\" href=\"https:\/\/www.lyyti.fi\/reg\/Tietoturvapaiva2025_5221\/en\" data-outlook-id=\"17f2e900-9504-4c55-8d5e-851f9b8c1aff\">Obrazac za prijavu &#8211; Information Security Day_2025<\/a><\/div>","protected":false},"excerpt":{"rendered":"<p>Ovogodi\u0161nji &#8220;Tietoturvap\u00e4iv\u00e4&#8221;\u00a0\/ &#8220;Information Security Day&#8221; odr\u017eat \u0107e se 28. svibnja 2025. od 10:00 do 16:00 sati, na engleskom jeziku, i posve\u0107en je projektu &#8220;EAGLE \u2013 Digital Skills Training&#8221;\u00a0kojeg financira Europska [&hellip;]<\/p>","protected":false},"author":7,"featured_media":3223,"template":"","meta":{"_et_pb_use_builder":"","_et_pb_old_content":"","_et_gb_content_width":"","_tribe_events_status":"","_tribe_events_status_reason":"","footnotes":""},"tags":[],"tribe_events_cat":[17,16,15],"class_list":["post-3222","tribe_events","type-tribe_events","status-publish","has-post-thumbnail","hentry","tribe_events_cat-it-strucnjaci","tribe_events_cat-javna-tijela","tribe_events_cat-poduzetnici","cat_it-strucnjaci","cat_javna-tijela","cat_poduzetnici"],"_links":{"self":[{"href":"https:\/\/nks.hr\/en\/wp-json\/wp\/v2\/tribe_events\/3222","targetHints":{"allow":["GET"]}}],"collection":[{"href":"https:\/\/nks.hr\/en\/wp-json\/wp\/v2\/tribe_events"}],"about":[{"href":"https:\/\/nks.hr\/en\/wp-json\/wp\/v2\/types\/tribe_events"}],"author":[{"embeddable":true,"href":"https:\/\/nks.hr\/en\/wp-json\/wp\/v2\/users\/7"}],"version-history":[{"count":2,"href":"https:\/\/nks.hr\/en\/wp-json\/wp\/v2\/tribe_events\/3222\/revisions"}],"predecessor-version":[{"id":3225,"href":"https:\/\/nks.hr\/en\/wp-json\/wp\/v2\/tribe_events\/3222\/revisions\/3225"}],"wp:featuredmedia":[{"embeddable":true,"href":"https:\/\/nks.hr\/en\/wp-json\/wp\/v2\/media\/3223"}],"wp:attachment":[{"href":"https:\/\/nks.hr\/en\/wp-json\/wp\/v2\/media?parent=3222"}],"wp:term":[{"taxonomy":"post_tag","embeddable":true,"href":"https:\/\/nks.hr\/en\/wp-json\/wp\/v2\/tags?post=3222"},{"taxonomy":"tribe_events_cat","embeddable":true,"href":"https:\/\/nks.hr\/en\/wp-json\/wp\/v2\/tribe_events_cat?post=3222"}],"curies":[{"name":"wp","href":"https:\/\/api.w.org\/{rel}","templated":true}]}}

Dan informatičke sigurnosti 2025., Turku, Finska

<div class="elementToProof">Ovogodišnji &#8220;Tietoturvapäivä&#8221; / &#8220;Information Security Day&#8221; održat će se 28. svibnja 2025. od 10:00 do 16:00 sati, na engleskom jeziku, i posvećen je projektu &#8220;EAGLE – Digital Skills Training&#8221; kojeg financira Europska komisija. Glavna tema je &#8220;Jačanje kibernetičke sigurnosti u MSP-ovima&#8221;: zahtjevi Cyber Resilience Act, ažuriranje NIS-2 Direktive (mreže i sigurnost informacijskih sustava) i njezin utjecaj na regulativu, uloga MSP-ova u lancima opskrbe i društvenoj otpornosti, unaprjeđivanje i prekvalifikacija, budući ciljevi istraživanja i razvoja u području kibernetičke sigurnosti.</div>
<div class="elementToProof">Konferencija se održava u Turku, Finska, a sudjelovanje je moguće i online putem streaminga.</div>
<div></div>
<div></div>
<div class="elementToProof">Više informacija: <a id="OWAaa0344af-0f72-8941-7512-bf17d65dd3b2" class="x_OWAAutoLink x_elementToProof" title="https://www.turkuamk.fi/en/event/information-security-day/" href="https://www.turkuamk.fi/en/event/information-security-day/" data-linkindex="3" data-auth="NotApplicable" data-outlook-id="f6da3f3a-2d84-48f2-a250-90ca4503efae">Information Security Day 2025 &#8211; Turku AMK</a></div>
<div class="elementToProof">Registracija: <a id="LPlnk" title="https://www.lyyti.fi/reg/Tietoturvapaiva2025_5221/en" href="https://www.lyyti.fi/reg/Tietoturvapaiva2025_5221/en" data-outlook-id="17f2e900-9504-4c55-8d5e-851f9b8c1aff">Obrazac za prijavu &#8211; Information Security Day_2025</a></div>

<p>Ovogodišnji &#8220;Tietoturvapäivä&#8221; / &#8220;Information Security Day&#8221; održat će se 28. svibnja 2025. od 10:00 do 16:00 sati, na engleskom jeziku, i posvećen je projektu &#8220;EAGLE – Digital Skills Training&#8221; kojeg financira Europska [&hellip;]</p>
