{"id":3210,"date":"2025-04-16T09:55:25","date_gmt":"2025-04-16T07:55:25","guid":{"rendered":"https:\/\/nks.hr\/?post_type=tribe_events&#038;p=3210"},"modified":"2025-04-16T11:07:13","modified_gmt":"2025-04-16T09:07:13","slug":"virtualna-radionica-obzor-europa-od-ideje-do-projektnog-prijedloga","status":"publish","type":"tribe_events","link":"https:\/\/nks.hr\/en\/event\/virtualna-radionica-obzor-europa-od-ideje-do-projektnog-prijedloga\/","title":{"rendered":"Virtualna radionica Obzor Europa: od ideje do projektnog prijedloga"},"content":{"rendered":"<div class=\"elementToProof\">Agencija za mobilnost i programe Europske unije i Ministarstvo znanosti, obrazovanja i mladih pozivaju vas na virtualnu radionicu <i>\u201eObzor Europa: od ideje do projektnog prijedloga\u201d<\/i>, koja \u0107e se odr\u017eati 24. travnja 2025. godine s po\u010detkom u 9:00 sati.<\/div>\n<div class=\"elementToProof\">Radionicu \u0107e voditi dr. sc. Ani Gerbin (8 AM INNOVATION d.o.o.)\u00a0i Ines Nenadi\u0107 (ADVANTA, obrt za poslovno savjetovanje), a namijenjena je isklju\u010divo potencijalnim prijaviteljima projektnih prijedloga iz sljede\u0107ih tematskih podru\u010dja programa Obzor Europa:<\/div>\n<ul data-editing-info=\"{&quot;applyListStyleFromLevel&quot;:true}\">\n<li>\n<div class=\"elementToProof\">Klaster 1<b>:<\/b>\u00a0Zdravlje<\/div>\n<\/li>\n<li>\n<div class=\"elementToProof\">Klaster 3:\u00a0Civilna sigurnost za dru\u0161tvo<\/div>\n<\/li>\n<li>\n<div class=\"elementToProof\">Klaster 4:\u00a0Digitalizacija, industrija i svemir<\/div>\n<\/li>\n<\/ul>\n<div class=\"elementToProof\">Cilj radionice je pru\u017eiti polaznicima prakti\u010dna znanja i smjernice za pripremu uspje\u0161nog projektnog prijedloga\u00a0unutar programa Obzor Europa. Radionica je prvenstveno namijenjena znanstveno-nastavnom i stru\u010dnom osoblju<b>,<\/b>\u00a0kao i znanstvenim menad\u017eerima\u00a0koji imaju prethodno iskustvo sudjelovanja u projektima kao partneri, ali jo\u0161 nisu sudjelovali u ulozi koordinatora projekta.<\/p>\n<\/div>\n<div class=\"elementToProof\"><b>Program radionice<\/b>\u00a0dostupan je <u><a id=\"LPlnkOWA0d4d96d8-4a8b-4ec8-3610-fbfb419e5648\" class=\"OWAAutoLink\" title=\"https:\/\/www.obzoreuropa.hr\/userfiles\/files\/Program_radionica%20Obzor%20Europa_24042025.pdf\" href=\"https:\/\/www.obzoreuropa.hr\/userfiles\/files\/Program_radionica%20Obzor%20Europa_24042025.pdf\" data-auth=\"NotApplicable\" data-outlook-id=\"4b3cce2a-a612-4d91-aaf1-f9e7f9530b6c\">ovdje<\/a><\/p>\n<p><\/u><\/div>\n<div class=\"elementToProof\"><b>Registracija je obavezna<\/b>\u00a0putem <u><a id=\"LPlnkOWA247ab9bf-ec41-fa0c-e895-3991d4fbe4bd\" class=\"OWAAutoLink\" title=\"https:\/\/www.obzoreuropa.hr\/prijava-na-dogadanja\" href=\"https:\/\/www.obzoreuropa.hr\/prijava-na-dogadanja\" data-auth=\"NotApplicable\" data-outlook-id=\"2c39b24d-7926-4b6b-88c0-5e10ae853cb5\">poveznice<\/a><\/u>\u00a0(u prijavi odabrati: \u201eRadionica programa Obzor Europa: od ideje do projektnog prijedloga, 24. travnja 2025.\u201d).<\/div>\n<div class=\"elementToProof\">Broj sudionika je ograni\u010den na 40, a prijave su otvorene do popunjenja kapaciteta. U slu\u010daju velikog interesa, organizatori zadr\u017eavaju pravo ograni\u010diti broj prijavljenih iz iste institucije.<\/div>\n<div class=\"elementToProof\">Ne propustite priliku za stjecanje konkretnih znanja koja \u0107e vam pomo\u0107i u sljede\u0107em koraku prema vo\u0111enju vlastitog EU projekta!<\/div>","protected":false},"excerpt":{"rendered":"<p>Agencija za mobilnost i programe Europske unije i Ministarstvo znanosti, obrazovanja i mladih pozivaju vas na virtualnu radionicu \u201eObzor Europa: od ideje do projektnog prijedloga\u201d, koja \u0107e se odr\u017eati 24. [&hellip;]<\/p>","protected":false},"author":7,"featured_media":3211,"template":"","meta":{"_et_pb_use_builder":"","_et_pb_old_content":"","_et_gb_content_width":"","_tribe_events_status":"","_tribe_events_status_reason":"","footnotes":""},"tags":[],"tribe_events_cat":[17,16,15],"class_list":["post-3210","tribe_events","type-tribe_events","status-publish","has-post-thumbnail","hentry","tribe_events_cat-it-strucnjaci","tribe_events_cat-javna-tijela","tribe_events_cat-poduzetnici","cat_it-strucnjaci","cat_javna-tijela","cat_poduzetnici"],"_links":{"self":[{"href":"https:\/\/nks.hr\/en\/wp-json\/wp\/v2\/tribe_events\/3210","targetHints":{"allow":["GET"]}}],"collection":[{"href":"https:\/\/nks.hr\/en\/wp-json\/wp\/v2\/tribe_events"}],"about":[{"href":"https:\/\/nks.hr\/en\/wp-json\/wp\/v2\/types\/tribe_events"}],"author":[{"embeddable":true,"href":"https:\/\/nks.hr\/en\/wp-json\/wp\/v2\/users\/7"}],"version-history":[{"count":2,"href":"https:\/\/nks.hr\/en\/wp-json\/wp\/v2\/tribe_events\/3210\/revisions"}],"predecessor-version":[{"id":3215,"href":"https:\/\/nks.hr\/en\/wp-json\/wp\/v2\/tribe_events\/3210\/revisions\/3215"}],"wp:featuredmedia":[{"embeddable":true,"href":"https:\/\/nks.hr\/en\/wp-json\/wp\/v2\/media\/3211"}],"wp:attachment":[{"href":"https:\/\/nks.hr\/en\/wp-json\/wp\/v2\/media?parent=3210"}],"wp:term":[{"taxonomy":"post_tag","embeddable":true,"href":"https:\/\/nks.hr\/en\/wp-json\/wp\/v2\/tags?post=3210"},{"taxonomy":"tribe_events_cat","embeddable":true,"href":"https:\/\/nks.hr\/en\/wp-json\/wp\/v2\/tribe_events_cat?post=3210"}],"curies":[{"name":"wp","href":"https:\/\/api.w.org\/{rel}","templated":true}]}}

<div class="elementToProof">Agencija za mobilnost i programe Europske unije i Ministarstvo znanosti, obrazovanja i mladih pozivaju vas na virtualnu radionicu <i>„Obzor Europa: od ideje do projektnog prijedloga”</i>, koja će se održati 24. travnja 2025. godine s početkom u 9:00 sati.</div>
<div class="elementToProof">Radionicu će voditi dr. sc. Ani Gerbin (8 AM INNOVATION d.o.o.) i Ines Nenadić (ADVANTA, obrt za poslovno savjetovanje), a namijenjena je isključivo potencijalnim prijaviteljima projektnih prijedloga iz sljedećih tematskih područja programa Obzor Europa:</div>
<ul data-editing-info="{&quot;applyListStyleFromLevel&quot;:true}">
<li>
<div class="elementToProof">Klaster 1<b>:</b> Zdravlje</div>
</li>
<li>
<div class="elementToProof">Klaster 3: Civilna sigurnost za društvo</div>
</li>
<li>
<div class="elementToProof">Klaster 4: Digitalizacija, industrija i svemir</div>
</li>
</ul>
<div class="elementToProof">Cilj radionice je pružiti polaznicima praktična znanja i smjernice za pripremu uspješnog projektnog prijedloga unutar programa Obzor Europa. Radionica je prvenstveno namijenjena znanstveno-nastavnom i stručnom osoblju<b>,</b> kao i znanstvenim menadžerima koji imaju prethodno iskustvo sudjelovanja u projektima kao partneri, ali još nisu sudjelovali u ulozi koordinatora projekta.</p>
</div>
<div class="elementToProof"><b>Program radionice</b> dostupan je <u><a id="LPlnkOWA0d4d96d8-4a8b-4ec8-3610-fbfb419e5648" class="OWAAutoLink" title="https://www.obzoreuropa.hr/userfiles/files/Program_radionica%20Obzor%20Europa_24042025.pdf" href="https://www.obzoreuropa.hr/userfiles/files/Program_radionica%20Obzor%20Europa_24042025.pdf" data-auth="NotApplicable" data-outlook-id="4b3cce2a-a612-4d91-aaf1-f9e7f9530b6c">ovdje</a></p>
<p></u></div>
<div class="elementToProof"><b>Registracija je obavezna</b> putem <u><a id="LPlnkOWA247ab9bf-ec41-fa0c-e895-3991d4fbe4bd" class="OWAAutoLink" title="https://www.obzoreuropa.hr/prijava-na-dogadanja" href="https://www.obzoreuropa.hr/prijava-na-dogadanja" data-auth="NotApplicable" data-outlook-id="2c39b24d-7926-4b6b-88c0-5e10ae853cb5">poveznice</a></u> (u prijavi odabrati: „Radionica programa Obzor Europa: od ideje do projektnog prijedloga, 24. travnja 2025.”).</div>
<div class="elementToProof">Broj sudionika je ograničen na 40, a prijave su otvorene do popunjenja kapaciteta. U slučaju velikog interesa, organizatori zadržavaju pravo ograničiti broj prijavljenih iz iste institucije.</div>
<div class="elementToProof">Ne propustite priliku za stjecanje konkretnih znanja koja će vam pomoći u sljedećem koraku prema vođenju vlastitog EU projekta!</div>

<p>Agencija za mobilnost i programe Europske unije i Ministarstvo znanosti, obrazovanja i mladih pozivaju vas na virtualnu radionicu „Obzor Europa: od ideje do projektnog prijedloga”, koja će se održati 24. [&hellip;]</p>
