{"id":3187,"date":"2025-04-08T12:18:31","date_gmt":"2025-04-08T10:18:31","guid":{"rendered":"https:\/\/nks.hr\/?post_type=tribe_events&#038;p=3187"},"modified":"2025-04-09T07:40:59","modified_gmt":"2025-04-09T05:40:59","slug":"the-ecso-days-2025","status":"publish","type":"tribe_events","link":"https:\/\/nks.hr\/en\/event\/the-ecso-days-2025\/","title":{"rendered":"THE ECSO DAYS 2025"},"content":{"rendered":"<div class=\"elementToProof\">Europska organizacija za kiberneti\u010dku sigurnost (ECSO) u sklopu THE ESCO DAYS 2025, 25. lipnja 2025. organizira panel &#8220;Kiberneti\u010dka sigurnost u eri sve ve\u0107e konkurentnosti: Gdje se nalazi Europa?&#8221;<\/div>\n<div class=\"elementToProof\">Me\u0111u panelistima su Carla Galbarriatu, glavna ravnateljica za digitalizaciju i audiovizualne komunikacije, Ministarstvo za digitalnu transformaciju i javnu upravu, \u0160panjolska, Christiane Kirketerp de Viron, vr\u0161iteljica du\u017enosti ravnateljice za digitalno dru\u0161tvo, povjerenje i kiberneti\u010dku sigurnost, Europska komisija, Luca Tagliaretti, izvr\u0161ni direktor, Europski centar za kompetencije u podru\u010dju kiberneti\u010dke sigurnosti, Domitilla Benigni, glavna operativna direktorica, Elettronica.<\/div>\n<div><\/div>\n<div class=\"elementToProof\">Vi\u0161e informacija: <a id=\"LPlnk150793\" title=\"https:\/\/ecs-org.eu\/events\/the-ecso-days-2025\/\" href=\"https:\/\/ecs-org.eu\/events\/the-ecso-days-2025\/\" data-outlook-id=\"3583ca56-a810-4ed5-80e7-1791edb8adc2\">https:\/\/ecs-org.eu\/events\/the-ecso-days-2025\/<\/a><\/div>","protected":false},"excerpt":{"rendered":"<p>Europska organizacija za kiberneti\u010dku sigurnost (ECSO) u sklopu THE ESCO DAYS 2025, 25. lipnja 2025. organizira panel &#8220;Kiberneti\u010dka sigurnost u eri sve ve\u0107e konkurentnosti: Gdje se nalazi Europa?&#8221; Me\u0111u panelistima [&hellip;]<\/p>","protected":false},"author":7,"featured_media":3194,"template":"","meta":{"_et_pb_use_builder":"","_et_pb_old_content":"","_et_gb_content_width":"","_tribe_events_status":"","_tribe_events_status_reason":"","footnotes":""},"tags":[],"tribe_events_cat":[17,16,15],"class_list":["post-3187","tribe_events","type-tribe_events","status-publish","has-post-thumbnail","hentry","tribe_events_cat-it-strucnjaci","tribe_events_cat-javna-tijela","tribe_events_cat-poduzetnici","cat_it-strucnjaci","cat_javna-tijela","cat_poduzetnici"],"_links":{"self":[{"href":"https:\/\/nks.hr\/en\/wp-json\/wp\/v2\/tribe_events\/3187","targetHints":{"allow":["GET"]}}],"collection":[{"href":"https:\/\/nks.hr\/en\/wp-json\/wp\/v2\/tribe_events"}],"about":[{"href":"https:\/\/nks.hr\/en\/wp-json\/wp\/v2\/types\/tribe_events"}],"author":[{"embeddable":true,"href":"https:\/\/nks.hr\/en\/wp-json\/wp\/v2\/users\/7"}],"version-history":[{"count":1,"href":"https:\/\/nks.hr\/en\/wp-json\/wp\/v2\/tribe_events\/3187\/revisions"}],"predecessor-version":[{"id":3188,"href":"https:\/\/nks.hr\/en\/wp-json\/wp\/v2\/tribe_events\/3187\/revisions\/3188"}],"wp:featuredmedia":[{"embeddable":true,"href":"https:\/\/nks.hr\/en\/wp-json\/wp\/v2\/media\/3194"}],"wp:attachment":[{"href":"https:\/\/nks.hr\/en\/wp-json\/wp\/v2\/media?parent=3187"}],"wp:term":[{"taxonomy":"post_tag","embeddable":true,"href":"https:\/\/nks.hr\/en\/wp-json\/wp\/v2\/tags?post=3187"},{"taxonomy":"tribe_events_cat","embeddable":true,"href":"https:\/\/nks.hr\/en\/wp-json\/wp\/v2\/tribe_events_cat?post=3187"}],"curies":[{"name":"wp","href":"https:\/\/api.w.org\/{rel}","templated":true}]}}

<div class="elementToProof">Europska organizacija za kibernetičku sigurnost (ECSO) u sklopu THE ESCO DAYS 2025, 25. lipnja 2025. organizira panel &#8220;Kibernetička sigurnost u eri sve veće konkurentnosti: Gdje se nalazi Europa?&#8221;</div>
<div class="elementToProof">Među panelistima su Carla Galbarriatu, glavna ravnateljica za digitalizaciju i audiovizualne komunikacije, Ministarstvo za digitalnu transformaciju i javnu upravu, Španjolska, Christiane Kirketerp de Viron, vršiteljica dužnosti ravnateljice za digitalno društvo, povjerenje i kibernetičku sigurnost, Europska komisija, Luca Tagliaretti, izvršni direktor, Europski centar za kompetencije u području kibernetičke sigurnosti, Domitilla Benigni, glavna operativna direktorica, Elettronica.</div>
<div></div>
<div class="elementToProof">Više informacija: <a id="LPlnk150793" title="https://ecs-org.eu/events/the-ecso-days-2025/" href="https://ecs-org.eu/events/the-ecso-days-2025/" data-outlook-id="3583ca56-a810-4ed5-80e7-1791edb8adc2">https://ecs-org.eu/events/the-ecso-days-2025/</a></div>

<p>Europska organizacija za kibernetičku sigurnost (ECSO) u sklopu THE ESCO DAYS 2025, 25. lipnja 2025. organizira panel &#8220;Kibernetička sigurnost u eri sve veće konkurentnosti: Gdje se nalazi Europa?&#8221; Među panelistima [&hellip;]</p>
