{"id":3004,"date":"2025-02-21T07:52:49","date_gmt":"2025-02-21T06:52:49","guid":{"rendered":"https:\/\/nks.hr\/?post_type=tribe_events&#038;p=3004"},"modified":"2025-02-21T07:56:59","modified_gmt":"2025-02-21T06:56:59","slug":"european-cybersecurity-certification-conference","status":"publish","type":"tribe_events","link":"https:\/\/nks.hr\/en\/event\/european-cybersecurity-certification-conference\/","title":{"rendered":"European Cybersecurity Certification Conference"},"content":{"rendered":"<p>ENISA, Agencija Europske unije za kiberneti\u010dku sigurnost, odr\u017eava Europsku konferenciju o certifikaciji kiberneti\u010dke sigurnosti 2025. Konferencija se odr\u017eava u Var\u0161avi uz podr\u0161ku poljskog predsjedanja i Europske komisije, a ovogodi\u0161nje izdanje godi\u0161nje konferencije osvrnut \u0107e se na prvu godi\u0161njicu objave EUCC certifikacijskog okvira te obraditi sljede\u0107e teme:<\/p>\n<ul>\n<li>eIDAS i certifikacija kiberneti\u010dke sigurnosti EUDI Wallet-a<\/li>\n<li>Povezanost s ostalim EU regulativama: CRA, Akt o kiberneti\u010dkoj solidarnosti, NIS 2,&#8230;<\/li>\n<li>EUCC uspjesi i izazovi<\/li>\n<li>Upravljanje rizicima putem EU certifikacije kiberneti\u010dke sigurnosti<\/li>\n<\/ul>\n<p>Doga\u0111aj se odr\u017eava u hibridnom formatu, omogu\u0107uju\u0107i umre\u017eavanje i interakciju u\u017eivo za sudionike i govornike na lokaciji.<\/p>","protected":false},"excerpt":{"rendered":"<p>ENISA, Agencija Europske unije za kiberneti\u010dku sigurnost, odr\u017eava Europsku konferenciju o certifikaciji kiberneti\u010dke sigurnosti 2025. Konferencija se odr\u017eava u Var\u0161avi uz podr\u0161ku poljskog predsjedanja i Europske komisije, a ovogodi\u0161nje izdanje [&hellip;]<\/p>","protected":false},"author":11,"featured_media":3006,"template":"","meta":{"_et_pb_use_builder":"off","_et_pb_old_content":"","_et_gb_content_width":"","_tribe_events_status":"","_tribe_events_status_reason":"","footnotes":""},"tags":[],"tribe_events_cat":[16,15],"class_list":["post-3004","tribe_events","type-tribe_events","status-publish","has-post-thumbnail","hentry","tribe_events_cat-javna-tijela","tribe_events_cat-poduzetnici","cat_javna-tijela","cat_poduzetnici"],"_links":{"self":[{"href":"https:\/\/nks.hr\/en\/wp-json\/wp\/v2\/tribe_events\/3004","targetHints":{"allow":["GET"]}}],"collection":[{"href":"https:\/\/nks.hr\/en\/wp-json\/wp\/v2\/tribe_events"}],"about":[{"href":"https:\/\/nks.hr\/en\/wp-json\/wp\/v2\/types\/tribe_events"}],"author":[{"embeddable":true,"href":"https:\/\/nks.hr\/en\/wp-json\/wp\/v2\/users\/11"}],"version-history":[{"count":4,"href":"https:\/\/nks.hr\/en\/wp-json\/wp\/v2\/tribe_events\/3004\/revisions"}],"predecessor-version":[{"id":3011,"href":"https:\/\/nks.hr\/en\/wp-json\/wp\/v2\/tribe_events\/3004\/revisions\/3011"}],"wp:featuredmedia":[{"embeddable":true,"href":"https:\/\/nks.hr\/en\/wp-json\/wp\/v2\/media\/3006"}],"wp:attachment":[{"href":"https:\/\/nks.hr\/en\/wp-json\/wp\/v2\/media?parent=3004"}],"wp:term":[{"taxonomy":"post_tag","embeddable":true,"href":"https:\/\/nks.hr\/en\/wp-json\/wp\/v2\/tags?post=3004"},{"taxonomy":"tribe_events_cat","embeddable":true,"href":"https:\/\/nks.hr\/en\/wp-json\/wp\/v2\/tribe_events_cat?post=3004"}],"curies":[{"name":"wp","href":"https:\/\/api.w.org\/{rel}","templated":true}]}}

<p>ENISA, Agencija Europske unije za kibernetičku sigurnost, održava Europsku konferenciju o certifikaciji kibernetičke sigurnosti 2025. Konferencija se održava u Varšavi uz podršku poljskog predsjedanja i Europske komisije, a ovogodišnje izdanje godišnje konferencije osvrnut će se na prvu godišnjicu objave EUCC certifikacijskog okvira te obraditi sljedeće teme:</p>
<ul>
<li>eIDAS i certifikacija kibernetičke sigurnosti EUDI Wallet-a</li>
<li>Povezanost s ostalim EU regulativama: CRA, Akt o kibernetičkoj solidarnosti, NIS 2,&#8230;</li>
<li>EUCC uspjesi i izazovi</li>
<li>Upravljanje rizicima putem EU certifikacije kibernetičke sigurnosti</li>
</ul>
<p>Događaj se održava u hibridnom formatu, omogućujući umrežavanje i interakciju uživo za sudionike i govornike na lokaciji.</p>

<p>ENISA, Agencija Europske unije za kibernetičku sigurnost, održava Europsku konferenciju o certifikaciji kibernetičke sigurnosti 2025. Konferencija se održava u Varšavi uz podršku poljskog predsjedanja i Europske komisije, a ovogodišnje izdanje [&hellip;]</p>
